d f?
6
Let f(y) = 2*y + 1. Let p = 4 - 3. Let o be f(p). Suppose o*n = n + 18. Calculate the greatest common factor of n and 45.
9
Let w be 2*((-18)/(-4) + -3). Suppose -2*q + q - w = -l, -q = -4. What is the greatest common divisor of l and 63?
7
Let j = 4 + 1. Let a be 15/6*(-6 + 32 + -4). What is the highest common divisor of j and a?
5
Let c be ((-27)/(-1))/((-2)/(-14)). Let m = -176 - -203. What is the greatest common factor of c and m?
27
Suppose 12*m = -6*m + 36. Let r be (-1)/3 + (-14)/(-6). Suppose r*b - 19 = 9. What is the greatest common factor of b and m?
2
Let k be ((-6)/2)/(2/(-2)). Let f be (111/(-5) + k)*-5. Calculate the highest common factor of 24 and f.
24
Suppose -7 = i - 3. Let z be (-197)/(-5) + i/10. Let q be 126/10 + (-4)/(-10). Calculate the greatest common factor of q and z.
13
Let m(a) = 2*a**3 - a**2 - 2*a - 1. Let g be m(2). Let q(t) = t - 7. Let r be q(9). Let d be (-2)/3*(-21)/r. What is the highest common divisor of d and g?
7
Let f = -27 - -29. Let a be (4 - f)/(6/21). What is the greatest common factor of a and 14?
7
Let h = 7 + -67. Let c be (5/(-2))/(6/h). Calculate the highest common divisor of c and 175.
25
Let f(u) be the second derivative of 0*u**2 + 1/4*u**4 + 0 + u - 1/3*u**3. Let y be f(6). Calculate the highest common divisor of y and 12.
12
Let t be (-6)/(-4) - 1/2. Let z be 19/5 - 5/(-25). Suppose -4*n - r - 4*r = 1, r - z = -5*n. What is the greatest common factor of n and t?
1
Let p = -7 - -12. Let s = -9 + 15. Suppose 5*x - 4*f = 17, -3*x - s + 15 = -3*f. Calculate the greatest common factor of x and p.
5
Let r be 7/(-14) - 3/((-12)/38). Let w(k) = 3*k**2 + 4*k - 1. Let o be w(4). Calculate the greatest common divisor of r and o.
9
Let p be 3316/28 + (-8)/(-14). Calculate the highest common divisor of 17 and p.
17
Let p = 3 - -20. What is the highest common divisor of 207 and p?
23
Let g(d) = d**2 - 4. Let m(l) = -3*l. Let z be m(1). Let s be g(z). Suppose 0 = 5*x - 11 - 89. Calculate the highest common factor of x and s.
5
Let n be (-1)/((-6)/9)*42. Suppose -3*z = 2*u - 21, 5*u - 6 - 15 = -3*z. Calculate the greatest common factor of n and z.
7
Suppose 0 = h - c - 16, -3*c - 35 = -4*h + 2*h. Calculate the greatest common factor of 143 and h.
13
Suppose -5*f - 229 = -c, -2*c = -3*c - f + 205. What is the highest common factor of 19 and c?
19
Suppose 7*o - 33 = 4*o. What is the greatest common factor of 55 and o?
11
Suppose z - 2*n = 4*z - 4, z - 4*n - 6 = 0. Suppose 0 = z*g - 6. Calculate the greatest common divisor of 9 and g.
3
Let t be 5/(5/14) + 2. Let n = -8 - -11. Suppose f - 16 = -n*f. Calculate the highest common factor of t and f.
4
Suppose -2 - 10 = -3*z. Let y be (1/(-2))/((-7)/56). What is the greatest common factor of y and z?
4
Suppose -4*k = 3*g + 2 - 89, -4*k + 92 = 4*g. Let s = 11 - 7. Let p be (-1285)/(-9) + s/k. What is the greatest common divisor of 13 and p?
13
Let t be 81/15 + 6/(-15). Calculate the greatest common factor of 2 and t.
1
Suppose 3*g = -0 + 18. What is the highest common factor of g and 15?
3
Let t = -15 + 3. Let w(f) = -f**3 - 12*f**2 - 3*f - 12. Let m be w(t). Calculate the greatest common divisor of m and 168.
24
Let g(j) = j - 2. Let f be g(7). Let x = 5 + -4. Calculate the highest common divisor of f and x.
1
Suppose 14*l - 2*l = 1620. Calculate the highest common factor of l and 15.
15
Suppose 84 = 4*j + 4*t, 3 = 4*t + 23. Calculate the highest common factor of 26 and j.
26
Let z(l) = -l - 4. Let u be z(-9). Calculate the highest common divisor of 15 and u.
5
Let a be 6/(2 + -4) - -4. What is the greatest common factor of a and 9?
1
Let y be 2 - 2 - 51*-1. Calculate the greatest common factor of y and 17.
17
Suppose 0 = 2*r - 4*c - 2, r + c = -2*r + 10. Let j be (r + 9)*27/4. What is the highest common factor of j and 9?
9
Let y(b) = 39*b. Suppose -5*g + 2 = -3. Let v be y(g). What is the greatest common divisor of 13 and v?
13
Suppose 76 = h - u, -6*h + 5*h = 2*u - 88. Calculate the highest common divisor of h and 32.
16
Let x be ((-2)/3)/((-4)/54). What is the greatest common factor of 36 and x?
9
Let l be 6*(-60)/(2 - 6). Calculate the greatest common divisor of l and 10.
10
Suppose 4*s + 137 = -0*s - k, 169 = -5*s + k. Let t = -21 - s. Calculate the greatest common factor of 13 and t.
13
Suppose -2*h - 56 = -6*h + 5*i, -i + 4 = 0. Let b be (-10)/10 - 1*-20. Calculate the greatest common divisor of b and h.
19
Let u be 1*6*14/4. Let y = 0 - 0. Suppose -2*d + 17 + 11 = y. What is the highest common divisor of u and d?
7
Suppose 10 = q + q. Suppose 4*s + q*r - 44 = 56, 4*r + 75 = 3*s. Let d = s - -59. Calculate the greatest common factor of 12 and d.
12
Suppose -3 = -3*p + 12, 4*p - 119 = -u. Let q be ((-4)/(-10))/((-3)/15). Let t = 13 + q. Calculate the highest common divisor of t and u.
11
Suppose 0 = c + 2*c - 4*w - 740, -w - 247 = -c. What is the greatest common divisor of c and 62?
62
Let o = 27 - 6. Let d be (-28)/(-8) + 1/(-2). What is the greatest common divisor of o and d?
3
Suppose 0 = 9*g - 4*g - 855. Calculate the greatest common factor of 114 and g.
57
Let a = -17 + 82. What is the greatest common factor of 13 and a?
13
Let o be 29*(-3 + -1 + 3). Let l = o - -44. What is the highest common factor of 105 and l?
15
Suppose -h + 702 = 2*h. Calculate the greatest common factor of 26 and h.
26
Suppose d + 0*d = -3*q - 40, -4*d + 50 = -2*q. Let h be 5/q + 49/3. Suppose -k + 69 + 59 = 0. What is the greatest common factor of k and h?
16
Let m be 10 + 315 + 1*(-3)/1. What is the highest common divisor of m and 14?
14
Suppose 2*i - 35 = -5. Suppose 5*u = -0*p + 4*p - 18, -14 = 3*u - 4*p. Let b be ((-25)/(-10))/(u/(-36)). What is the greatest common factor of i and b?
15
Let v(s) = -2*s**2 + 19*s - 20. Let k be v(7). Let o = 2 - 0. Suppose w = -o*w + 15. Calculate the highest common divisor of k and w.
5
Suppose 5*g - 2*f - 18 - 42 = 0, 0 = 5*g + 5*f - 25. What is the greatest common divisor of g and 10?
10
Let u(l) = l**2 - 2*l - 4. Let m be u(4). Suppose n = -m*n + 70. Suppose f - n = 2*h + 12, 5*h = -3*f + 34. What is the greatest common divisor of f and 54?
18
Let j be (-1*11)/(-1) - -2. Let d = 19 - 13. Suppose -212 = -4*p - 4*s, -d*s + 158 = 3*p - 4*s. What is the greatest common divisor of p and j?
13
Let x(s) = -s**2 - 7*s + 7. Let f be x(-7). Let t(g) = 13*g - 28. Let z be t(7). What is the highest common divisor of f and z?
7
Suppose 9*t = 14*t - 65. Calculate the greatest common divisor of t and 169.
13
Suppose -5*u + 3 = 4*o, u + 0*u = -1. Let y = 0 - o. Let f be (2 - 1) + (4 - y). Calculate the highest common divisor of f and 14.
7
Let a(i) = -i**2 + 10*i - 5. Let m be a(8). What is the highest common divisor of 22 and m?
11
Let z = 357 - 203. Let y be (-805)/11 + 22/121. Let r = y + z. What is the highest common divisor of r and 9?
9
Let s be (1 - 1)*2/4. Suppose 3*z - 4*l - 6 = -l, -3*z + l + 14 = s. Calculate the greatest common factor of 6 and z.
6
Let v be ((-8)/20)/(2/80). Let i be 24*((-140)/v)/7. What is the greatest common factor of 15 and i?
15
Suppose -4*r + 2*b + 148 = 0, -3*r = -b - b - 111. Let q = r - -33. What is the highest common factor of q and 28?
14
Suppose 5*n + 26 = 81. Calculate the highest common divisor of n and 55.
11
Suppose 0 = p - 17 + 9. Calculate the greatest common divisor of 8 and p.
8
Suppose y - 2 = 0, 4*o = 5*y - 4 + 18. What is the greatest common factor of o and 30?
6
Let d(v) = v**3. Let i(c) = 4*c**2 - 9*c - 1. Let n(j) = -d(j) - i(j). Let u be n(-6). What is the highest common divisor of 95 and u?
19
Let v = 27 - 16. Suppose 22 = -2*r - 0*r. Let p be (r/(-2))/((-2)/(-28)). What is the highest common divisor of v and p?
11
Let n(v) be the second derivative of 3*v**3 - 4*v**2 - 4*v. Let i be n(6). Calculate the greatest common divisor of i and 40.
20
Let f(a) = a**2 + 3*a - 3. Let x be f(-5). Let o = x - -1. Calculate the highest common factor of o and 8.
8
Let c = 64 + -50. Calculate the highest common divisor of 28 and c.
14
Let i = -235 + 287. Let v = 13 + -24. Let f = 24 + v. What is the greatest common divisor of i and f?
13
Suppose 0 = -2*q - 18 - 2. Let v = -6 - q. Calculate the greatest common divisor of 6 and v.
2
Let g be (-8 + 6 - -3)/((-1)/(-13)). What is the highest common divisor